Let s be 304/114*(-51)/(-4). Calculate the highest common divisor of s and l.
34
Let j be 7*2*675/90. Calculate the greatest common factor of 30 and j.
15
Let h(k) = k**2 - 7*k - 46. Let x be h(-5). Let v = 27 - -1. Calculate the greatest common divisor of x and v.
14
Suppose 0 = -3*r - 2*j + 753, 1255 = -2*r + 7*r - 5*j. Suppose x = -59 + r. Calculate the highest common divisor of 12 and x.
12
Let u(h) be the first derivative of -5*h**4 - 4*h**3/3 + 3*h**2/2 + 5*h - 6. Let r be u(-2). What is the greatest common divisor of 13 and r?
13
Suppose 7*f = 11*f - 12. Suppose -f*x + x + 266 = 0. What is the greatest common factor of 19 and x?
19
Let b be (-1996)/(-6) - ((-784)/48 - -16). Suppose -c + 22 + 15 = 0. Calculate the highest common divisor of b and c.
37
Suppose 0 = 3*i - 2 - 4. Suppose -37 - 57 = -i*x. What is the greatest common factor of 141 and x?
47
Let i(y) = 5*y - 8 - 2*y - 8 + 7. Let z(r) = r**2 + r + 4. Let p be z(0). Let a be i(p). Calculate the highest common factor of a and 3.
3
Suppose 5*u + 6 - 56 = 0. Let b be (-5)/u*(-5 + -1). Suppose -2*y + 20 = b*y. Calculate the greatest common factor of 8 and y.
4
Suppose 5543 = -61*y + 64*y - 5*p, -4*y = -3*p - 7409. What is the highest common divisor of y and 29?
29
Let l = 1675 - 1519. Calculate the highest common divisor of l and 65.
13
Let v(y) = y**3 - 48*y**2 + y - 39. Let x be v(48). Calculate the greatest common factor of x and 513.
9
Suppose -z = 2*z, 0 = 5*b - z + 30. Let c be ((-2)/b)/((-5)/(-225)). Suppose -2*m = -i - 125, -5*i - c = -2*i. Calculate the greatest common factor of 15 and m.
15
Let b(c) = 5*c**2 - 13*c - 2. Let f be b(7). Suppose 0 = 4*l - 44 - 108. What is the greatest common factor of l and f?
38
Suppose 8*j - 10*j + 460 = 0. Calculate the greatest common factor of j and 10.
10
Suppose 0 = 78*h - 60*h - 7326. Calculate the highest common divisor of h and 111.
37
Let x(j) = -39*j - 473. Let t be x(-15). Suppose 0 = -o - o + 28. What is the greatest common divisor of t and o?
14
Suppose 0*q + 15 = -3*h - 5*q, -2*h + q + 3 = 0. Suppose h = -2*n - 0 + 16. What is the highest common factor of n and 24?
8
Suppose 4*s + 113 = 8*s + 3*l, 5*l - 93 = -3*s. What is the greatest common divisor of 598 and s?
26
Let k(p) = -p**3 + p**2 - p + 3. Let c be k(0). Let j(v) = -2*v + 50. Let n be j(20). Suppose -n = -4*r + c*r. Calculate the highest common factor of 80 and r.
10
Let s be (7/(-4))/((-7)/(-28)). Let a(w) = w**2 + 2*w - 10. Let i be a(s). Suppose 36 = -3*q + 51. What is the highest common divisor of i and q?
5
Suppose -29*r = -507 - 363. Calculate the highest common factor of r and 390.
30
Let s = -543 - -583. Calculate the highest common factor of 35 and s.
5
Let b = -230 + 502. Let l be 34/(-85) - (0 + (-344)/10). Calculate the highest common factor of l and b.
34
Suppose 4*p + 10 = -x + 6*x, -2*x - 2*p = -4. Suppose -4*v - x*s + 78 = v, 45 = 3*v + 3*s. Calculate the highest common divisor of 144 and v.
16
Let f(n) = -17*n**3 - 5*n**2 - 3*n + 2. Let l be f(-2). Suppose -l + 40 = -4*w. Calculate the greatest common divisor of w and 7.
7
Suppose 0 = 2*m - 4 - 6. Suppose -g - x = -6*x + 13, -4*x + m = g. Let v be (0 - -60)*g/(-6). What is the highest common factor of v and 75?
15
Let j(c) = c**3 - 7*c**2 - 19*c + 12. Suppose 5*l = 4*l + 9. Let b be j(l). What is the highest common divisor of b and 2?
1
Let g = 28 - 24. Suppose l = g*l + k - 12, 3*l - 4*k + 3 = 0. Let r be -2 + 200/(12/l). What is the greatest common factor of r and 12?
12
Let x = -2416 + 2422. Calculate the highest common divisor of 66 and x.
6
Let i(v) = v**3 - 7*v**2 + 9*v - 4. Let t be i(6). Suppose 4*n = -5*d + 786, 2*d - 474 = -d - 3*n. Calculate the greatest common divisor of d and t.
14
Let y = -10 + 10. Suppose y = 2*u - 4*u + 48. Suppose -6*h + h = a - 61, 0 = -5*h + 25. Calculate the greatest common divisor of u and a.
12
Suppose -3*p - 2*f = 12, 3*p - f = -2 - 10. Let q be (p/8)/(3/(-108)). Let v = 18 - 0. What is the highest common divisor of q and v?
18
Let i(v) = 2*v**3 + 86*v**2 + 40*v - 153. Let r be i(-42). What is the highest common divisor of r and 15?
15
Let d(t) = t**3 - 17*t**2 - 13*t - 50. Let u be d(18). Let o = -11 - -32. Suppose 5*r = 29 + o. Calculate the highest common divisor of r and u.
10
Let d(f) = -146*f - 61. Let n be d(-2). What is the greatest common factor of 77 and n?
77
Let m(w) = 2*w**2 + 14*w + 5. Let j be m(-8). Let t = -27 + 17. Let k = t + j. Calculate the highest common factor of 77 and k.
11
Let z(m) = 43*m**2 - 2*m + 2. Let v be z(3). Let n be v/11 - (-1 - 45/(-55)). What is the highest common divisor of n and 105?
35
Let s = -10 - -9. Let u = s - -5. Suppose u*h - 4*z - 300 = 0, 0*z = -5*h + 2*z + 360. Calculate the greatest common divisor of 14 and h.
14
Let r(n) = 40*n + 3. Let x be r(-2). Let f be (-20)/20 - (x - (0 + 0)). Calculate the highest common divisor of f and 19.
19
Suppose -15*z + 373 = 88. Calculate the greatest common factor of z and 152.
19
Let v(n) = n**2 - 8*n + 6. Let r be v(7). Let s(c) = c**3 + 4*c**2 - c - 1. Let k be s(-2). Let y = r + k. Calculate the highest common factor of 40 and y.
8
Suppose 16 = -m + 4*u, 35 = 5*m + 2*u + u. What is the highest common divisor of m and 50?
2
Suppose 20*n - 2783 = 17. What is the greatest common divisor of 28 and n?
28
Let i(k) = k + 1. Let o be i(0). Let b be 4/22 - 500/(-275). Suppose 3 = b*u - l, 2*u - 2*l + 3*l = 1. Calculate the highest common factor of u and o.
1
Let a be (25944/115)/(6/40). Calculate the highest common divisor of 47 and a.
47
Let o be 1169 - -5 - (4/1 - -2). What is the highest common factor of o and 73?
73
Suppose -3*c - 15 = -51. Suppose 2*p - c = -0*p. Let z be (3 - (-4 - 2))*p. Calculate the greatest common divisor of z and 36.
18
Suppose -p = 2*n - 18, -2*n = -3*p - 12 + 50. What is the greatest common divisor of 1218 and p?
14
Suppose 0 = 6*l - 2290 + 2200. Calculate the greatest common divisor of l and 65.
5
Suppose -30 = -5*g + k, -4*k = -5*g - 9*k. Let l = -32 + 36. Suppose -2*b + l*h - 2 = 2*h, 2*b - 12 = -g*h. Calculate the greatest common factor of 3 and b.
1
Suppose 0 = -n - 4*c - 48, -c + 99 = -3*n - 4*c. Let b be (-12)/n + 300/35. Let s = 12 - b. What is the highest common factor of 24 and s?
3
Let x = 6 + 45. What is the highest common divisor of 119 and x?
17
Let p(r) = r**2 - 2*r + 26. Let l be p(6). What is the highest common factor of l and 25?
25
Let q be (-5 + 3)/(-2*1). Suppose -2*o + 3*o + 2*k = 2, k - q = -3*o. Suppose o = -0*s + 3*s - 693. What is the greatest common divisor of s and 33?
33
Let j be (-2)/(-14) - 17/119. Suppose 5*w + 0*w + 4*v - 2 = j, 0 = 2*w + v - 2. Calculate the greatest common factor of w and 3.
1
Let v(q) = -q**3 + 12*q**2 - 9*q. Let m be v(11). Calculate the highest common divisor of m and 22.
22
Suppose -20 = 2*t - 7*t. Let d = 6 - t. Suppose -d*b = 8, 0*b + 2 = -2*h - b. What is the greatest common factor of h and 5?
1
Let x = 441 - 339. Calculate the greatest common factor of x and 3.
3
Suppose -5*i = a - 719, -20*i + 17*i - 5*a + 427 = 0. Let u be ((-9)/4)/(2/(-16)). Calculate the greatest common factor of u and i.
18
Let c = 50 + -74. Let t be (c/(-3))/(-4) - -54. What is the highest common factor of t and 39?
13
Suppose -1326 = -3*r - 3*r. What is the greatest common divisor of 39 and r?
13
Let t = 81 - 45. Suppose -m + 28 = 2*y, -4*m + 116 = -2*y - t. Calculate the highest common factor of 324 and m.
36
Suppose -7*o + 4*o = 2*u - 3319, 3*u = -3. What is the greatest common factor of 27 and o?
27
Let z = 336 - 286. Calculate the greatest common divisor of 450 and z.
50
Suppose -6*k + 2*k - 8 = 0. Let v be (k - (-3)/2)*4. Let n be 150/12*v/(-1). What is the greatest common divisor of 225 and n?
25
Suppose 36 = 3*p + 3. Let h be (-1972)/(-36) - (-8)/36. Calculate the greatest common factor of h and p.
11
Let x be ((-62)/31)/(1/(-4)). What is the highest common divisor of x and 128?
8
Let a be ((-2)/(-5))/(-4 - (-606)/150). Let k be -3 + (-6)/4*2. Let g = k + a. What is the greatest common factor of 4 and g?
4
Let g(t) = t**2 + 6*t + 8. Let j be g(-4). Suppose -5*q + 8*q + 6 = j. Let f = 4 - q. Calculate the highest common factor of 24 and f.
6
Let u = -40 + 68. What is the highest common factor of 98 and u?
14
L